What is a(0)?
0
Let o(n) = -n. Let r(s) = s**3 + 5*s**2 + 3. Suppose 0 = y + y - 2*i + 2, 0 = 5*y - 2*i + 17. Let t be r(y). Suppose 0 = t*c + 3 + 3. Calculate o(c).
2
Let m(f) = 10*f. Let z be m(1). Suppose 2*y + z = 7*y - 5*x, -5*x = 5*y - 40. Let d(l) = 2*l - 5. Determine d(y).
5
Let g(s) = s - 4. Let v be g(5). Let i be ((-6)/(-10))/((-33)/(-110)). Let l(b) = 5*b**3 - 6*b**3 + 6*b**3 + 1 - 2*b + i*b**3. What is l(v)?
6
Let p(a) = -6*a - 26. Let o(k) = 26*k + 104. Let i(d) = -2*o(d) - 9*p(d). Give i(-16).
-6
Let b(k) = -2*k + 3. Let o = -824 - -818. Give b(o).
15
Let g(h) = h**2 - 5. Let q(i) = 5*i - 45. Let c = -95 + 104. Let n be q(c). What is g(n)?
-5
Let u(p) be the first derivative of 4*p**2 + p + 102. Suppose 5 - 3 = -c. Determine u(c).
-15
Let a(d) be the first derivative of d**2/2 - 25*d + 41. Determine a(16).
-9
Let f(v) = 2*v. Let z be f(-1). Let k be ((-20)/(-30))/(z/18). Let j(q) = -q**2 - 5*q + 6. What is j(k)?
0
Suppose 6 - 16 = 10*o. Let u(t) = 3 - t**2 - 2 - 2. What is u(o)?
-2
Suppose 0*s + 2*s - 42 = 5*f, s - 2*f - 19 = 0. Suppose 0 = -3*v - 5*k + s, -2*v - 2*k = -k - 5. Let m(q) = v + 5*q - 3*q**2 - 3*q - 1. Calculate m(2).
-7
Let g(u) = -6*u - 23*u**3 + 7 + 24*u**3 + 7 - 5*u**2. Let w(n) = n**2 + n - 1. Let i(q) = g(q) + 6*w(q). Calculate i(0).
8
Let n(f) = -5 - 7*f - 888*f**2 + 567*f**2 + 322*f**2. Suppose 0 = c - 3*c + 14. Determine n(c).
-5
Let l(g) = g**2 - 2*g + 1. Suppose -5*n - 3*q = -0*q - 13, 4 = 4*n - 4*q. Calculate l(n).
1
Let k(r) = 7*r**2 - 19*r - 3. Let u = 59 - 68. Let n(o) = 3*o**2 - 9*o - 1. Let g(m) = u*n(m) + 4*k(m). Give g(-6).
3
Suppose 4*y = 16, 0 = -2*z - 5*y + 3*y + 6. Let a(h) = -11. Let v be -4 + (50/15)/(6/27). Let n(j) = -j - 20. Let f(d) = v*a(d) - 6*n(d). What is f(z)?
-7
Let c(u) = u - 7. Let r be c(7). Suppose a - 5*a - 32 = r. Let s(w) = w**2 + 8*w - 2. Let f be s(a). Let p(m) = -3*m**3 - m**2 + m - 2. What is p(f)?
16
Let l = -476 - -479. Let c(t) = t**3 - 3*t**2 - 5*t + 4. Determine c(l).
-11
Let l(r) be the second derivative of 1/6*r**3 + 12*r**2 + 1/12*r**4 + 0 + 33*r. What is l(0)?
24
Let n(v) = v**3 + 16*v**2 - 3. Let r(g) = 2*g**3 + 33*g**2 - 8. Let x(d) = -5*n(d) + 2*r(d). Determine x(-14).
-1
Let k(i) be the first derivative of i**4/4 - 2*i**3 - 3*i**2 - 8*i - 48. Suppose 2*z + o - 11 = 1, 4*z - 26 = -o. Calculate k(z).
-1
Let c(w) be the second derivative of -w**4/12 + w**3 + 359*w. Let d(j) = j**3 + 5*j**2 - 7*j + 1. Let y be d(-6). Calculate c(y).
-7
Let f(l) = -2*l + 11. Let x(b) = 4*b - 17. Let k(t) = 8*f(t) + 5*x(t). Determine k(-3).
-9
Let b(d) be the first derivative of 1/4*d**4 + 2*d + 2 + 0*d**2 + 1/3*d**3. Let l = -3 + 3. Calculate b(l).
2
Let j(a) be the third derivative of -1/6*a**3 - 14*a**2 - 1/60*a**5 + 0 - 1/4*a**4 + 0*a. Give j(-4).
7
Let g(p) be the second derivative of -p**8/6720 + p**7/1260 + p**6/180 - p**5/40 - 5*p**4/4 - 3*p. Let w(y) be the third derivative of g(y). Determine w(2).
5
Suppose 5*z - 9*z + 20 = 0. Suppose -z*r = 20 - 5. Let t(a) = a**2 + 3*a + 4. Determine t(r).
4
Suppose 0 = j + 9*m - 4*m - 26, -26 = -3*j - 2*m. Let l(c) be the first derivative of c**2/2 - 8*c + 16. Determine l(j).
-2
Let k(r) = r - 1. Let x be k(6). Let a(w) = -3*w - 3 + x*w**2 - 4*w**2 - 4. Suppose -2*f - 2*f - 4*j + 36 = 0, -5*f + 9 = -4*j. What is a(f)?
3
Let y(m) = -m**2 + m - 13. Let x(w) = w**2 - w. Let r be x(1). Suppose 6*h - 2*h = r. Calculate y(h).
-13
Let y(s) be the first derivative of -s**5/120 - s**4/24 - 5*s**3/3 + 8. Let w(i) be the third derivative of y(i). Calculate w(2).
-3
Let s = -37 + 42. Let k(i) be the second derivative of 0 + 4*i - 1/12*i**4 + 0*i**2 + 2/3*i**3. What is k(s)?
-5
Suppose -6 = -3*g + 12. Let v(k) = k + 6 + 1 + 3*k - g. Suppose -2*i - i + 2*u + 1 = 0, 5*i + 3*u - 8 = 0. What is v(i)?
5
Let z(i) = -2 + 191*i + 3*i**2 + 198*i - 388*i. Give z(3).
28
Let a(f) be the second derivative of -f**4/12 - 2*f**3/3 - 3*f**2/2 + 7*f. Calculate a(-4).
-3
Let u = -34 - -36. Suppose -1 = u*o - 5. Let r(q) = -3*q**2 - 9 - 5*q + 1 + 2*q**o. Determine r(-6).
-14
Let y = 1739 + -1747. Let h(k) = k**3 + 7*k**2 - 8*k + 1. Give h(y).
1
Let d(t) = t**3 - 3*t**2 + 3*t - 4. Let q be d(3). Let x(a) = -a**2 + 187*a + q - 194*a + 0*a**2. Calculate x(-7).
5
Let x(d) be the third derivative of -d**5/60 + 3*d**4/8 - d**3/6 - 142*d**2. Calculate x(10).
-11
Let i(u) = -u**3 + 7*u**2 + 7. Let b(h) = 8*h + 1. Let v be b(-2). Let k = 20 + v. Suppose -k*g + 41 = -3*x, 2*g - 11 = -g - 5*x. What is i(g)?
7
Let z(s) be the first derivative of 2 + s**2 - s - 2/3*s**3. Suppose -k + 3*k - 6 = -5*t, 2*k = -2*t. What is z(k)?
-13
Suppose 5*s - 10 = -0*s. Let j(a) = 31*a + 29*a - 54*a - a**s - 7. Calculate j(6).
-7
Let f(h) = 13*h**3 - 2*h - 1. Let i be (-6*(124/(-24) - -5))/(-1). What is f(i)?
-12
Let t = 11 + 27. Suppose -5*g - p = -0*p + t, 4 = 2*p. Let k(v) = v**3 + 9*v**2 + 9*v + 11. Let x be k(g). Let r(y) = -2*y + 1. What is r(x)?
-5
Let k(c) = 3*c + 17. Let h be k(-6). Let b be (-120)/(-80)*(h - 1). Let j(u) = 5*u + 3. Give j(b).
-12
Let d(m) = m**2 - 1. Let r(j) = 3*j**2 + 3*j - 3. Let q(b) = -5*d(b) + r(b). What is q(3)?
-7
Suppose -5*c - 36 = -4*r, -r + 3*c = -14 - 2. Let n(f) = -f**2 + 2*f + 5. Calculate n(r).
-3
Let p(b) be the second derivative of b**2 + 0 + b + 7/6*b**3. What is p(2)?
16
Let h = -73 + 75. Suppose 4*n - 8 = 6*n, -5*o + 5*n + 35 = 0. Let s(t) = 10*t**h - o*t**2 + 3 + t**3 + 3*t + 3*t - 6. Give s(-6).
-3
Let b(r) = -2*r - 5 + 2 + 0*r**2 + r**2. Let w = -3 - -43. Let v be ((-6)/(-5))/(16/w). Calculate b(v).
0
Let s be (1 + (2 - 3))/1. Let l be (-6)/(-21) - 60/(-35). Let k(m) = l*m**3 + 14*m - 36*m + 23*m - 3*m**3 + 1. Determine k(s).
1
Suppose 0 = -13*v + 16*v - 24. Suppose v = -2*u - r, -5*u = -0*r + 2*r + 19. Let s(f) = -f**3 - 3*f**2 + 3*f + 1. Give s(u).
-8
Let p(b) = -b + 885 + b**2 - 2*b - 883. Suppose -4*f = -0*f - 5*y + 40, -4*f - 32 = -3*y. Let h = f + 8. What is p(h)?
2
Let k(b) = b**2 - 7*b - 3. Let a(g) = -2*g**2 + 56*g + 68. Let x be a(29). What is k(x)?
27
Let n(c) be the first derivative of 7 + 1/2*c**2 - c. Suppose -8 = -2*y - 0*y. Determine n(y).
3
Suppose -106 = -7*l - 113. Let z(r) = r**3 - r**2 - 2*r - 2. Give z(l).
-2
Let y = -9 - -5. Let u(o) be the third derivative of o**5/60 + o**4/6 + o**3/3 + 601*o**2. Give u(y).
2
Let l be -3*(-8)/24 - -5. Let f(v) be the first derivative of -v**3/3 + 2*v**2 - 8*v + 6. Determine f(l).
-20
Let z = 16 - 23. Let g(y) be the second derivative of y**4/12 + 7*y**3/6 - y**2 - y. Calculate g(z).
-2
Let s(v) be the first derivative of -v**3/3 - 7*v**2/2 + 6*v + 234. Give s(-6).
12
Let a(b) be the third derivative of b**7/5040 - 7*b**6/720 - 13*b**5/30 - 2*b**2 - 7*b. Let p(g) be the third derivative of a(g). Determine p(11).
4
Let i(v) = v**3 + 7*v**2 - 7*v + 10. Let r be i(-8). Suppose r*o - n - 22 = -2*o, -n = 3*o - 20. Let c(k) = -k**2 + 5*k - 4. Calculate c(o).
-10
Let m(n) = n. Let b be m(3). Let x(a) = 8 - 2*a - 13 + 1 + 8. Give x(b).
-2
Let v(o) = -o**3 + o**2 + o - 3. Suppose 4*l + l - 2 = 3*b, -b - 3*l = -4. Let w be b*-3 - (6 + -9). Suppose 2*x + 0*x = w. Give v(x).
-3
Let n(s) be the first derivative of 4*s**3/3 + s**2 - 3*s - 83. Give n(-3).
27
Let d(t) be the second derivative of -13*t**4/12 - t**3/6 - t**2/2 - 4*t - 51. What is d(2)?
-55
Let q(z) = 15*z - 8. Let a(v) = -8*v + 4. Let s = -117 + 111. Let u(x) = s*q(x) - 11*a(x). Give u(3).
-2
Let k(s) = s**2 - 7. Let y be 1517/(-287) - (-2)/7. Calculate k(y).
18
Let j(k) = k + 1. Suppose 3*w = -5*d - 7, 5*d + 6 = w + 15. Suppose 5 = t + d. Suppose 0 = 5*c - s - 2*s + 29, -24 = 3*c - t*s. What is j(c)?
-3
Let p(x) = x - 2. Let z be (-15)/(-4) - (-21)/84. Give p(z).
2
Let f(b) = -7*b + 4. Let i(r) = -12*r + 1. Let n(s) = 14*s - 1. Let z(y) = -6*i(y) - 5*n(y). Let p(k) = -f(k) - 3*z(k). What is p(-5)?
-6
Suppose -4*m - 14 = 5*b, -5*m - 7 = -21*b + 22*b. Let l(v) = -23*v - 1. Calculate l(b).
45
Let f(p) = -9*p + 12. Let m(k) be the third derivative of 5*k**4/24 - k**3 - 32*k**2. Let q(j) = -6*f(j) - 11*m(j). Give q(-3).
-3
Let b = 694 - 689. Let y(r) = -r**3 + 6*r**2 - 4*r. Calculate y(b).
5
Let b = -72 - -70. Let a(k) = k**2 - 5*k + 1. Let i(q) = -q**2 - q - 1. Let r(z) = b*i(z) - a(z). Let x = 13 + -18. Calculate r(x).
-9
Let r(h) = h - 1